{"id":14,"date":"2021-03-15T11:37:32","date_gmt":"2021-03-15T11:37:32","guid":{"rendered":"https:\/\/madeinscience.com\/futurodoplaneta\/?page_id=14"},"modified":"2021-04-05T11:42:40","modified_gmt":"2021-04-05T11:42:40","slug":"4-processo","status":"publish","type":"page","link":"https:\/\/madeinscience.com\/futurodoplaneta\/4-processo\/","title":{"rendered":"4. PROCESSO"},"content":{"rendered":"\n<ol class=\"wp-block-list\"><li>Siga as etapas, passo a passo.<\/li><li>5 minutos: Montar quartetos.<\/li><li>15 minutos: Cada aluno do grupo dever\u00e1 se responsabilizar pelo acesso e leitura dos textos de pelo menos quatro fontes de dados (sites no link <em>Fontes de Dados<\/em>).        Sugest\u00e3o: Dividir os textos para que o grupo leia 16 fontes diferentes, no total. <\/li><li>10 minutos: No caderno, cada aluno do grupo dever\u00e1 fazer <strong>UM <\/strong>breve resumo, juntando as informa\u00e7\u00f5es que foram abordadas nos textos lidos.<\/li><li>12 minutos: Cada aluno do grupo ter\u00e1 at\u00e9 3 minutos para socializar seu resumo.<\/li><li>30 minutos: A partir da socializa\u00e7\u00e3o dos resumos, o grupo dever\u00e1 responder \u00e0s seguintes perguntas, cada um no seu caderno:<\/li><\/ol>\n\n\n\n<p>a. Qual \u00e9 o papel da atmosfera do Planeta na manuten\u00e7\u00e3o da temperatura?<br>b. Qual \u00e9 o papel do efeito estufa na manuten\u00e7\u00e3o da vida do Planeta?<br>c. Qual \u00e9 a rela\u00e7\u00e3o entre a polui\u00e7\u00e3o e as mudan\u00e7as clim\u00e1ticas?<br>d. Quando e como o efeito estufa se transforma em aquecimento global?<br>e. Quais as consequ\u00eancias do aquecimento global para o Planeta?<br>f. Qual \u00e9 a rela\u00e7\u00e3o entre o aquecimento global e a aus\u00eancia de vida em V\u00eanus?<br>g. Quais as solu\u00e7\u00f5es para frear o aquecimento global?<\/p>\n\n\n\n<p>7. 30 minutos: Ap\u00f3s responderem \u00e0s perguntas, conectem as respostas e as transformem em um texto. Este texto dever\u00e1 ser a base da sua comunica\u00e7\u00e3o com o passado. Voc\u00eas podem enviar esta mensagem ao passado na forma de um v\u00eddeo, de um podcast ou de uma bem elaborada apresenta\u00e7\u00e3o de slides (com esquemas, imagens, desenhos, mapas mentais&#8230;). Definam qual ser\u00e1 a forma de comunica\u00e7\u00e3o e, ao finalizar, um dos alunos do grupo dever\u00e1 postar a produ\u00e7\u00e3o no Moodle, IDENTIFICANDO OS COMPONENTES DO GRUPO.<\/p>\n","protected":false},"excerpt":{"rendered":"<p>Siga as etapas, passo a passo. 5 minutos: Montar quartetos. 15 minutos: Cada aluno do grupo dever\u00e1 se responsabilizar pelo acesso e leitura dos textos de pelo menos quatro fontes de dados (sites no link Fontes de Dados). Sugest\u00e3o: Dividir os textos para que o grupo leia 16 fontes diferentes, no total. 10 minutos: No &hellip; <a href=\"https:\/\/madeinscience.com\/futurodoplaneta\/4-processo\/\" class=\"more-link\">Continuar a ler <span class=\"screen-reader-text\">4. PROCESSO<\/span><\/a><\/p>\n","protected":false},"author":1,"featured_media":0,"parent":0,"menu_order":0,"comment_status":"closed","ping_status":"closed","template":"","meta":{"footnotes":""},"class_list":["post-14","page","type-page","status-publish","hentry"],"_links":{"self":[{"href":"https:\/\/madeinscience.com\/futurodoplaneta\/wp-json\/wp\/v2\/pages\/14","targetHints":{"allow":["GET"]}}],"collection":[{"href":"https:\/\/madeinscience.com\/futurodoplaneta\/wp-json\/wp\/v2\/pages"}],"about":[{"href":"https:\/\/madeinscience.com\/futurodoplaneta\/wp-json\/wp\/v2\/types\/page"}],"author":[{"embeddable":true,"href":"https:\/\/madeinscience.com\/futurodoplaneta\/wp-json\/wp\/v2\/users\/1"}],"replies":[{"embeddable":true,"href":"https:\/\/madeinscience.com\/futurodoplaneta\/wp-json\/wp\/v2\/comments?post=14"}],"version-history":[{"count":4,"href":"https:\/\/madeinscience.com\/futurodoplaneta\/wp-json\/wp\/v2\/pages\/14\/revisions"}],"predecessor-version":[{"id":49,"href":"https:\/\/madeinscience.com\/futurodoplaneta\/wp-json\/wp\/v2\/pages\/14\/revisions\/49"}],"wp:attachment":[{"href":"https:\/\/madeinscience.com\/futurodoplaneta\/wp-json\/wp\/v2\/media?parent=14"}],"curies":[{"name":"wp","href":"https:\/\/api.w.org\/{rel}","templated":true}]}}